{"id":2431,"date":"2022-01-17T15:28:12","date_gmt":"2022-01-17T14:28:12","guid":{"rendered":"http:\/\/myanmar-hilfe.ch\/cms\/?page_id=2431"},"modified":"2026-03-12T16:49:28","modified_gmt":"2026-03-12T15:49:28","slug":"wer-wir-sind","status":"publish","type":"page","link":"https:\/\/myanmar-hilfe.ch\/cms\/wer-wir-sind\/","title":{"rendered":"Wer wir&nbsp;sind"},"content":{"rendered":"\t\t<div data-elementor-type=\"wp-page\" data-elementor-id=\"2431\" class=\"elementor elementor-2431\" data-elementor-post-type=\"page\">\n\t\t\t\t\t\t<section class=\"elementor-section elementor-top-section elementor-element elementor-element-6f70ff6d elementor-section-height-min-height elementor-section-items-stretch elementor-section-stretched elementor-reverse-mobile elementor-section-boxed elementor-section-height-default\" data-id=\"6f70ff6d\" data-element_type=\"section\" data-e-type=\"section\" data-settings=\"{&quot;stretch_section&quot;:&quot;section-stretched&quot;}\">\n\t\t\t\t\t\t<div class=\"elementor-container elementor-column-gap-default\">\n\t\t\t\t\t<div class=\"elementor-column elementor-col-50 elementor-top-column elementor-element elementor-element-1e6cb118\" data-id=\"1e6cb118\" data-element_type=\"column\" data-e-type=\"column\" data-settings=\"{&quot;background_background&quot;:&quot;classic&quot;}\">\n\t\t\t<div class=\"elementor-widget-wrap elementor-element-populated\">\n\t\t\t\t\t\t<section class=\"elementor-section elementor-inner-section elementor-element elementor-element-b1d3e6c elementor-section-height-min-height elementor-section-boxed elementor-section-height-default\" data-id=\"b1d3e6c\" data-element_type=\"section\" data-e-type=\"section\">\n\t\t\t\t\t\t\t<div class=\"elementor-background-overlay\"><\/div>\n\t\t\t\t\t\t\t<div class=\"elementor-container elementor-column-gap-default\">\n\t\t\t\t\t<div class=\"elementor-column elementor-col-100 elementor-inner-column elementor-element elementor-element-38473e2a\" data-id=\"38473e2a\" data-element_type=\"column\" data-e-type=\"column\">\n\t\t\t<div class=\"elementor-widget-wrap elementor-element-populated\">\n\t\t\t\t\t\t<div class=\"elementor-element elementor-element-cd85d0c elementor-widget elementor-widget-heading\" data-id=\"cd85d0c\" data-element_type=\"widget\" data-e-type=\"widget\" data-widget_type=\"heading.default\">\n\t\t\t\t<div class=\"elementor-widget-container\">\n\t\t\t\t\t<h2 class=\"elementor-heading-title elementor-size-default\">G\u00f6nnerverein<\/h2>\t\t\t\t<\/div>\n\t\t\t\t<\/div>\n\t\t\t\t<div class=\"elementor-element elementor-element-6fb28191 elementor-widget elementor-widget-text-editor\" data-id=\"6fb28191\" data-element_type=\"widget\" data-e-type=\"widget\" data-widget_type=\"text-editor.default\">\n\t\t\t\t<div class=\"elementor-widget-container\">\n\t\t\t\t\t\t\t\t\t<p>Unser Ver\u00adein bezweckt die Finan\u00adzie\u00adrung und Unter\u00adst\u00fct\u00adzung von Pro\u00adjek\u00adten in Myan\u00admar, vor allem f\u00fcr bed\u00fcrf\u00adti\u00adge Kin\u00adder. Ziel ist eine ver\u00adbes\u00adser\u00adte Ent\u00adwick\u00adlungs\u00adm\u00f6g\u00adlich\u00adkeit und Lebens\u00adqua\u00adli\u00adt\u00e4t f\u00fcr die dort ans\u00e4s\u00adsi\u00adge Bev\u00f6lkerung.<\/p><p>Die Gene\u00adral\u00adver\u00adsamm\u00adlung fin\u00addet jeweils im ers\u00adten Halb\u00adjahr statt. <span style=\"text-decoration: underline;\"><a href=\"https:\/\/myanmar-hilfe.ch\/cms\/wie-sie-helfen\/\">Mit\u00adglie\u00adder<\/a><\/span> wer\u00adden per\u00ads\u00f6n\u00adlich eingeladen.<\/p><p><span style=\"text-decoration: underline;\"><a href=\"https:\/\/myanmar-hilfe.ch\/cms\/wp-content\/uploads\/2025\/06\/Vereinsstatuten.pdf\">Ver\u00adeins\u00adsta\u00adtu\u00adten<\/a><\/span><\/p>\t\t\t\t\t\t\t\t<\/div>\n\t\t\t\t<\/div>\n\t\t\t\t\t<\/div>\n\t\t<\/div>\n\t\t\t\t\t<\/div>\n\t\t<\/section>\n\t\t\t\t\t<\/div>\n\t\t<\/div>\n\t\t\t\t<div class=\"elementor-column elementor-col-50 elementor-top-column elementor-element elementor-element-07b6fdf\" data-id=\"07b6fdf\" data-element_type=\"column\" data-e-type=\"column\" data-settings=\"{&quot;background_background&quot;:&quot;classic&quot;}\">\n\t\t\t<div class=\"elementor-widget-wrap elementor-element-populated\">\n\t\t\t\t\t\t<section class=\"elementor-section elementor-inner-section elementor-element elementor-element-b442391 elementor-section-height-min-height elementor-section-boxed elementor-section-height-default\" data-id=\"b442391\" data-element_type=\"section\" data-e-type=\"section\">\n\t\t\t\t\t\t\t<div class=\"elementor-background-overlay\"><\/div>\n\t\t\t\t\t\t\t<div class=\"elementor-container elementor-column-gap-default\">\n\t\t\t\t\t<div class=\"elementor-column elementor-col-100 elementor-inner-column elementor-element elementor-element-daf8d9d\" data-id=\"daf8d9d\" data-element_type=\"column\" data-e-type=\"column\">\n\t\t\t<div class=\"elementor-widget-wrap elementor-element-populated\">\n\t\t\t\t\t\t<div class=\"elementor-element elementor-element-3be362c elementor-widget elementor-widget-heading\" data-id=\"3be362c\" data-element_type=\"widget\" data-e-type=\"widget\" data-widget_type=\"heading.default\">\n\t\t\t\t<div class=\"elementor-widget-container\">\n\t\t\t\t\t<h2 class=\"elementor-heading-title elementor-size-default\">Vorstand<\/h2>\t\t\t\t<\/div>\n\t\t\t\t<\/div>\n\t\t\t\t<div class=\"elementor-element elementor-element-3944bfb elementor-widget__width-initial elementor-widget elementor-widget-text-editor\" data-id=\"3944bfb\" data-element_type=\"widget\" data-e-type=\"widget\" data-widget_type=\"text-editor.default\">\n\t\t\t\t<div class=\"elementor-widget-container\">\n\t\t\t\t\t\t\t\t\t<p>Pr\u00e4\u00adsi\u00addent: <span style=\"text-decoration: underline;\"><a href=\"mailto:info@myanmar-hilfe.ch\">Livio Erni<\/a><br><\/span>Vize\u00adpr\u00e4\u00adsi\u00addent: <span style=\"text-decoration: underline;\"><a href=\"mailto:info@myanmar-hilfe.ch\">Patric Kug\u00adler<\/a><\/span><br>Kas\u00adsier: <span style=\"text-decoration: underline;\"><a href=\"mailto:info@myanmar-hilfe.ch\">Mike Arnold<\/a><\/span><br>Bei\u00adsitz: <span style=\"text-decoration: underline;\"><a href=\"mailto:info@myanmar-hilfe.ch\">Ste\u00adfan Vogler<\/a><\/span><\/p>\t\t\t\t\t\t\t\t<\/div>\n\t\t\t\t<\/div>\n\t\t\t\t<div class=\"elementor-element elementor-element-203aed9 elementor-widget-divider--view-line elementor-widget elementor-widget-divider\" data-id=\"203aed9\" data-element_type=\"widget\" data-e-type=\"widget\" data-widget_type=\"divider.default\">\n\t\t\t\t<div class=\"elementor-widget-container\">\n\t\t\t\t\t\t\t<div class=\"elementor-divider\">\n\t\t\t<span class=\"elementor-divider-separator\">\n\t\t\t\t\t\t<\/span>\n\t\t<\/div>\n\t\t\t\t\t\t<\/div>\n\t\t\t\t<\/div>\n\t\t\t\t<div class=\"elementor-element elementor-element-263177b elementor-widget__width-initial elementor-widget elementor-widget-text-editor\" data-id=\"263177b\" data-element_type=\"widget\" data-e-type=\"widget\" data-widget_type=\"text-editor.default\">\n\t\t\t\t<div class=\"elementor-widget-container\">\n\t\t\t\t\t\t\t\t\t<p><span style=\"text-decoration: underline;\"><a style=\"font-family: var( --e-global-typography-text-font-family ), Sans-serif; font-size: var( --e-global-typography-text-font-size );\" href=\"https:\/\/myanmar-hilfe.ch\/cms\/intern\/\">Inter\u00adnes<\/a><\/span><\/p>\t\t\t\t\t\t\t\t<\/div>\n\t\t\t\t<\/div>\n\t\t\t\t\t<\/div>\n\t\t<\/div>\n\t\t\t\t\t<\/div>\n\t\t<\/section>\n\t\t\t\t\t<\/div>\n\t\t<\/div>\n\t\t\t\t\t<\/div>\n\t\t<\/section>\n\t\t\t\t<section class=\"elementor-section elementor-top-section elementor-element elementor-element-26b78f8 elementor-section-height-min-height elementor-section-items-stretch elementor-section-stretched elementor-reverse-mobile elementor-section-boxed elementor-section-height-default\" data-id=\"26b78f8\" data-element_type=\"section\" data-e-type=\"section\" data-settings=\"{&quot;stretch_section&quot;:&quot;section-stretched&quot;}\">\n\t\t\t\t\t\t<div class=\"elementor-container elementor-column-gap-default\">\n\t\t\t\t\t<div class=\"elementor-column elementor-col-50 elementor-top-column elementor-element elementor-element-057a12f\" data-id=\"057a12f\" data-element_type=\"column\" data-e-type=\"column\" data-settings=\"{&quot;background_background&quot;:&quot;classic&quot;}\">\n\t\t\t<div class=\"elementor-widget-wrap elementor-element-populated\">\n\t\t\t\t\t\t<section class=\"elementor-section elementor-inner-section elementor-element elementor-element-25b13a1 elementor-section-height-min-height elementor-section-boxed elementor-section-height-default\" data-id=\"25b13a1\" data-element_type=\"section\" data-e-type=\"section\">\n\t\t\t\t\t\t\t<div class=\"elementor-background-overlay\"><\/div>\n\t\t\t\t\t\t\t<div class=\"elementor-container elementor-column-gap-default\">\n\t\t\t\t\t<div class=\"elementor-column elementor-col-100 elementor-inner-column elementor-element elementor-element-b7c59df\" data-id=\"b7c59df\" data-element_type=\"column\" data-e-type=\"column\">\n\t\t\t<div class=\"elementor-widget-wrap elementor-element-populated\">\n\t\t\t\t\t\t<div class=\"elementor-element elementor-element-63148b3 elementor-widget elementor-widget-heading\" data-id=\"63148b3\" data-element_type=\"widget\" data-e-type=\"widget\" data-widget_type=\"heading.default\">\n\t\t\t\t<div class=\"elementor-widget-container\">\n\t\t\t\t\t<h2 class=\"elementor-heading-title elementor-size-default\">Steuerbefreiung<\/h2>\t\t\t\t<\/div>\n\t\t\t\t<\/div>\n\t\t\t\t<div class=\"elementor-element elementor-element-e0b1fae elementor-widget elementor-widget-text-editor\" data-id=\"e0b1fae\" data-element_type=\"widget\" data-e-type=\"widget\" data-widget_type=\"text-editor.default\">\n\t\t\t\t<div class=\"elementor-widget-container\">\n\t\t\t\t\t\t\t\t\t<p>Wir sind als gemein\u00adn\u00fct\u00adzi\u00adger Ver\u00adein aner\u00adkannt. Sie k\u00f6n\u00adnen Ihre Spen\u00adde von den Steu\u00adern abzie\u00adhen. Sie erhal\u00adten eine Spendenbest\u00e4tigung.&nbsp;<\/p><p><span style=\"text-decoration: underline;\"><a href=\"https:\/\/myanmar-hilfe.ch\/cms\/steuerbefreiung\/\" target=\"_blank\" rel=\"attachment noopener wp-att-1968\">Steu\u00ader\u00adbe\u00adfrei\u00adung<\/a><\/span><\/p>\t\t\t\t\t\t\t\t<\/div>\n\t\t\t\t<\/div>\n\t\t\t\t\t<\/div>\n\t\t<\/div>\n\t\t\t\t\t<\/div>\n\t\t<\/section>\n\t\t\t\t\t<\/div>\n\t\t<\/div>\n\t\t\t\t<div class=\"elementor-column elementor-col-50 elementor-top-column elementor-element elementor-element-16fc7b0\" data-id=\"16fc7b0\" data-element_type=\"column\" data-e-type=\"column\" data-settings=\"{&quot;background_background&quot;:&quot;classic&quot;}\">\n\t\t\t<div class=\"elementor-widget-wrap elementor-element-populated\">\n\t\t\t\t\t\t<section class=\"elementor-section elementor-inner-section elementor-element elementor-element-9cf6054 elementor-section-height-min-height elementor-section-boxed elementor-section-height-default\" data-id=\"9cf6054\" data-element_type=\"section\" data-e-type=\"section\">\n\t\t\t\t\t\t\t<div class=\"elementor-background-overlay\"><\/div>\n\t\t\t\t\t\t\t<div class=\"elementor-container elementor-column-gap-default\">\n\t\t\t\t\t<div class=\"elementor-column elementor-col-100 elementor-inner-column elementor-element elementor-element-f3cdd19\" data-id=\"f3cdd19\" data-element_type=\"column\" data-e-type=\"column\">\n\t\t\t<div class=\"elementor-widget-wrap elementor-element-populated\">\n\t\t\t\t\t\t<div class=\"elementor-element elementor-element-f69634a elementor-widget elementor-widget-heading\" data-id=\"f69634a\" data-element_type=\"widget\" data-e-type=\"widget\" data-widget_type=\"heading.default\">\n\t\t\t\t<div class=\"elementor-widget-container\">\n\t\t\t\t\t<h2 class=\"elementor-heading-title elementor-size-default\">Umgang mit Spenden<\/h2>\t\t\t\t<\/div>\n\t\t\t\t<\/div>\n\t\t\t\t<div class=\"elementor-element elementor-element-eb897f6 elementor-widget elementor-widget-text-editor\" data-id=\"eb897f6\" data-element_type=\"widget\" data-e-type=\"widget\" data-widget_type=\"text-editor.default\">\n\t\t\t\t<div class=\"elementor-widget-container\">\n\t\t\t\t\t\t\t\t\tHun\u00addert Pro\u00adzent Ihrer Spen\u00adde kom\u00admen direkt an. Wir arbei\u00adten ehren\u00adamt\u00adlich und bezah\u00adlen alle Spe\u00adsen selbst.&nbsp;<\/div>\n\t\t\t\t<\/div>\n\t\t\t\t\t<\/div>\n\t\t<\/div>\n\t\t\t\t\t<\/div>\n\t\t<\/section>\n\t\t\t\t\t<\/div>\n\t\t<\/div>\n\t\t\t\t\t<\/div>\n\t\t<\/section>\n\t\t\t\t<section class=\"elementor-section elementor-top-section elementor-element elementor-element-a0beac0 elementor-section-height-min-height elementor-section-items-stretch elementor-section-stretched elementor-section-boxed elementor-section-height-default\" data-id=\"a0beac0\" data-element_type=\"section\" data-e-type=\"section\" data-settings=\"{&quot;stretch_section&quot;:&quot;section-stretched&quot;}\">\n\t\t\t\t\t\t<div class=\"elementor-container elementor-column-gap-default\">\n\t\t\t\t\t<div class=\"elementor-column elementor-col-100 elementor-top-column elementor-element elementor-element-4eab4fe\" data-id=\"4eab4fe\" data-element_type=\"column\" data-e-type=\"column\">\n\t\t\t<div class=\"elementor-widget-wrap elementor-element-populated\">\n\t\t\t\t\t\t<div class=\"elementor-element elementor-element-d3d0228 elementor-widget elementor-widget-spacer\" data-id=\"d3d0228\" data-element_type=\"widget\" data-e-type=\"widget\" data-widget_type=\"spacer.default\">\n\t\t\t\t<div class=\"elementor-widget-container\">\n\t\t\t\t\t\t\t<div class=\"elementor-spacer\">\n\t\t\t<div class=\"elementor-spacer-inner\"><\/div>\n\t\t<\/div>\n\t\t\t\t\t\t<\/div>\n\t\t\t\t<\/div>\n\t\t\t\t<div class=\"elementor-element elementor-element-76a61a1 elementor-widget elementor-widget-image\" data-id=\"76a61a1\" data-element_type=\"widget\" data-e-type=\"widget\" data-widget_type=\"image.default\">\n\t\t\t\t<div class=\"elementor-widget-container\">\n\t\t\t\t\t\t\t\t\t\t\t\t\t\t\t<img fetchpriority=\"high\" decoding=\"async\" width=\"251\" height=\"242\" src=\"https:\/\/myanmar-hilfe.ch\/cms\/wp-content\/uploads\/2021\/05\/my_2.png\" class=\"attachment-medium_large size-medium_large wp-image-354\" alt>\t\t\t\t\t\t\t\t\t\t\t\t\t\t\t<\/div>\n\t\t\t\t<\/div>\n\t\t\t\t<div class=\"elementor-element elementor-element-e6c3bd1 elementor-widget elementor-widget-heading\" data-id=\"e6c3bd1\" data-element_type=\"widget\" data-e-type=\"widget\" data-widget_type=\"heading.default\">\n\t\t\t\t<div class=\"elementor-widget-container\">\n\t\t\t\t\t<h1 class=\"elementor-heading-title elementor-size-default\">Sie spenden Hoffnung<\/h1>\t\t\t\t<\/div>\n\t\t\t\t<\/div>\n\t\t\t\t<div class=\"elementor-element elementor-element-749621b elementor-widget elementor-widget-spacer\" data-id=\"749621b\" data-element_type=\"widget\" data-e-type=\"widget\" data-widget_type=\"spacer.default\">\n\t\t\t\t<div class=\"elementor-widget-container\">\n\t\t\t\t\t\t\t<div class=\"elementor-spacer\">\n\t\t\t<div class=\"elementor-spacer-inner\"><\/div>\n\t\t<\/div>\n\t\t\t\t\t\t<\/div>\n\t\t\t\t<\/div>\n\t\t\t\t\t<\/div>\n\t\t<\/div>\n\t\t\t\t\t<\/div>\n\t\t<\/section>\n\t\t\t\t<section class=\"elementor-section elementor-top-section elementor-element elementor-element-85d5070 elementor-section-height-min-height elementor-section-items-stretch elementor-section-stretched elementor-reverse-mobile elementor-section-boxed elementor-section-height-default\" data-id=\"85d5070\" data-element_type=\"section\" data-e-type=\"section\" data-settings=\"{&quot;stretch_section&quot;:&quot;section-stretched&quot;}\">\n\t\t\t\t\t\t<div class=\"elementor-container elementor-column-gap-default\">\n\t\t\t\t\t<div class=\"elementor-column elementor-col-50 elementor-top-column elementor-element elementor-element-669e46e\" data-id=\"669e46e\" data-element_type=\"column\" data-e-type=\"column\" data-settings=\"{&quot;background_background&quot;:&quot;classic&quot;}\">\n\t\t\t<div class=\"elementor-widget-wrap elementor-element-populated\">\n\t\t\t\t\t\t<section class=\"elementor-section elementor-inner-section elementor-element elementor-element-ed2fb5a elementor-section-height-min-height elementor-section-boxed elementor-section-height-default\" data-id=\"ed2fb5a\" data-element_type=\"section\" data-e-type=\"section\">\n\t\t\t\t\t\t\t<div class=\"elementor-background-overlay\"><\/div>\n\t\t\t\t\t\t\t<div class=\"elementor-container elementor-column-gap-default\">\n\t\t\t\t\t<div class=\"elementor-column elementor-col-100 elementor-inner-column elementor-element elementor-element-1968859\" data-id=\"1968859\" data-element_type=\"column\" data-e-type=\"column\">\n\t\t\t<div class=\"elementor-widget-wrap elementor-element-populated\">\n\t\t\t\t\t\t<div class=\"elementor-element elementor-element-77f36ed elementor-widget elementor-widget-heading\" data-id=\"77f36ed\" data-element_type=\"widget\" data-e-type=\"widget\" data-widget_type=\"heading.default\">\n\t\t\t\t<div class=\"elementor-widget-container\">\n\t\t\t\t\t<h2 class=\"elementor-heading-title elementor-size-default\">Herzlichen Dank<\/h2>\t\t\t\t<\/div>\n\t\t\t\t<\/div>\n\t\t\t\t<div class=\"elementor-element elementor-element-1cc2e27 elementor-widget elementor-widget-text-editor\" data-id=\"1cc2e27\" data-element_type=\"widget\" data-e-type=\"widget\" data-widget_type=\"text-editor.default\">\n\t\t\t\t<div class=\"elementor-widget-container\">\n\t\t\t\t\t\t\t\t\t<p>Ihre Anteil\u00adnah\u00adme und <span style=\"text-decoration: underline;\"><a href=\"https:\/\/myanmar-hilfe.ch\/cms\/wie-sie-helfen\/\">Ihre Spen\u00adde<\/a><\/span> geben den Men\u00adschen in Myan\u00admar Hoffnung.<\/p><p>Wir dan\u00adken im Namen der Men\u00adschen von Myan\u00admar allen genann\u00adten und unge\u00adnann\u00adten Spendern.<\/p>\t\t\t\t\t\t\t\t<\/div>\n\t\t\t\t<\/div>\n\t\t\t\t\t<\/div>\n\t\t<\/div>\n\t\t\t\t\t<\/div>\n\t\t<\/section>\n\t\t\t\t\t<\/div>\n\t\t<\/div>\n\t\t\t\t<div class=\"elementor-column elementor-col-50 elementor-top-column elementor-element elementor-element-31fdf14\" data-id=\"31fdf14\" data-element_type=\"column\" data-e-type=\"column\" data-settings=\"{&quot;background_background&quot;:&quot;classic&quot;}\">\n\t\t\t<div class=\"elementor-widget-wrap elementor-element-populated\">\n\t\t\t\t\t\t<section class=\"elementor-section elementor-inner-section elementor-element elementor-element-fbd33be elementor-section-height-min-height elementor-section-boxed elementor-section-height-default\" data-id=\"fbd33be\" data-element_type=\"section\" data-e-type=\"section\">\n\t\t\t\t\t\t\t<div class=\"elementor-background-overlay\"><\/div>\n\t\t\t\t\t\t\t<div class=\"elementor-container elementor-column-gap-default\">\n\t\t\t\t\t<div class=\"elementor-column elementor-col-100 elementor-inner-column elementor-element elementor-element-2c1abc0\" data-id=\"2c1abc0\" data-element_type=\"column\" data-e-type=\"column\">\n\t\t\t<div class=\"elementor-widget-wrap elementor-element-populated\">\n\t\t\t\t\t\t<div class=\"elementor-element elementor-element-6b59211 elementor-widget elementor-widget-heading\" data-id=\"6b59211\" data-element_type=\"widget\" data-e-type=\"widget\" data-widget_type=\"heading.default\">\n\t\t\t\t<div class=\"elementor-widget-container\">\n\t\t\t\t\t<h2 class=\"elementor-heading-title elementor-size-default\">Unterst\u00fctzung<\/h2>\t\t\t\t<\/div>\n\t\t\t\t<\/div>\n\t\t\t\t<div class=\"elementor-element elementor-element-41b0d20 elementor-widget elementor-widget-text-editor\" data-id=\"41b0d20\" data-element_type=\"widget\" data-e-type=\"widget\" data-widget_type=\"text-editor.default\">\n\t\t\t\t<div class=\"elementor-widget-container\">\n\t\t\t\t\t\t\t\t\t<p>Fol\u00adgen\u00adde Insti\u00adtu\u00adtio\u00adnen, neben anonym blei\u00adben\u00adden, haben den G\u00f6n\u00adner\u00adver\u00adein bzw. die Men\u00adschen in Myan\u00admar unterst\u00fctzt.<\/p><p><span style=\"text-decoration: underline;\"><a style=\"font-family: var( --e-global-typography-text-font-family ), Sans-serif; font-size: var( --e-global-typography-text-font-size );\" href=\"https:\/\/soroptimist-winterthur.ch\/projects\/\" target=\"_blank\" rel=\"noopener\">Sor\u00adop\u00adti\u00admist Inter\u00adna\u00adtio\u00adnal Club Winterthur<\/a><\/span><\/p><p><span style=\"text-decoration: underline;\"><a href=\"https:\/\/staefa.lionsclub.ch\" target=\"_blank\" rel=\"noopener\">Lions Club&nbsp;St\u00e4fa<\/a><\/span><\/p>\t\t\t\t\t\t\t\t<\/div>\n\t\t\t\t<\/div>\n\t\t\t\t\t<\/div>\n\t\t<\/div>\n\t\t\t\t\t<\/div>\n\t\t<\/section>\n\t\t\t\t\t<\/div>\n\t\t<\/div>\n\t\t\t\t\t<\/div>\n\t\t<\/section>\n\t\t\t\t<\/div>\n\t\t","protected":false},"excerpt":{"rendered":"<p>G\u00f6n\u00adner\u00adver\u00adein Unser Ver\u00adein bezweckt die Finan\u00adzie\u00adrung und Unter\u00adst\u00fct\u00adzung von Pro\u00adjek\u00adten in Myan\u00admar, vor allem f\u00fcr bed\u00fcrf\u00adti\u00adge Kin\u00adder. Ziel ist eine ver\u00adbes\u00adser\u00adte Ent\u00adwick\u00adlungs\u00adm\u00f6g\u00adlich\u00adkeit und Lebens\u00adqua\u00adli\u00adt\u00e4t f\u00fcr die dort ans\u00e4s\u00adsi\u00adge Bev\u00f6l\u00adke\u00adrung. Die Gene\u00adral\u00adver\u00adsamm\u00adlung fin\u00addet jeweils im ers\u00adten Halb\u00adjahr statt. Mit\u00adglie\u00adder wer\u00adden per\u00ads\u00f6n\u00adlich ein\u00adge\u00adla\u00adden. Ver\u00adeins\u00adsta\u00adtu\u00adten Vor\u00adstand Pr\u00e4\u00adsi\u00addent: Livio ErniVize\u00adpr\u00e4\u00adsi\u00addent: Patric Kug\u00adlerKas\u00adsier: Mike ArnoldBei\u00adsitz: Ste\u00adfan Vog\u00adler Inter\u00adnes Steu\u00ader\u00adbe\u00adfrei\u00adung&nbsp;Wir&nbsp;[\u2026]<\/p>\n","protected":false},"author":1,"featured_media":0,"parent":0,"menu_order":0,"comment_status":"closed","ping_status":"closed","template":"","meta":{"wp_typography_post_enhancements_disabled":false,"footnotes":""},"class_list":["post-2431","page","type-page","status-publish","hentry"],"_links":{"self":[{"href":"https:\/\/myanmar-hilfe.ch\/cms\/wp-json\/wp\/v2\/pages\/2431","targetHints":{"allow":["GET"]}}],"collection":[{"href":"https:\/\/myanmar-hilfe.ch\/cms\/wp-json\/wp\/v2\/pages"}],"about":[{"href":"https:\/\/myanmar-hilfe.ch\/cms\/wp-json\/wp\/v2\/types\/page"}],"author":[{"embeddable":true,"href":"https:\/\/myanmar-hilfe.ch\/cms\/wp-json\/wp\/v2\/users\/1"}],"replies":[{"embeddable":true,"href":"https:\/\/myanmar-hilfe.ch\/cms\/wp-json\/wp\/v2\/comments?post=2431"}],"version-history":[{"count":151,"href":"https:\/\/myanmar-hilfe.ch\/cms\/wp-json\/wp\/v2\/pages\/2431\/revisions"}],"predecessor-version":[{"id":3145,"href":"https:\/\/myanmar-hilfe.ch\/cms\/wp-json\/wp\/v2\/pages\/2431\/revisions\/3145"}],"wp:attachment":[{"href":"https:\/\/myanmar-hilfe.ch\/cms\/wp-json\/wp\/v2\/media?parent=2431"}],"curies":[{"name":"wp","href":"https:\/\/api.w.org\/{rel}","templated":true}]}}